 - -171. Let k = 89 - b. What are the prime factors of k?
3
List the prime factors of (-297)/(-2) - -1 - (-12)/(-8).
2, 37
Let k(p) = -p + 5. What are the prime factors of k(-4)?
3
Let v(t) = t**3 - 6*t**2 + t - 9. What are the prime factors of v(7)?
47
List the prime factors of 2/(-5)*(-195)/3.
2, 13
Let o = -25 + 31. List the prime factors of o.
2, 3
Let q = 17 - 10. Let j = q + 3. List the prime factors of j.
2, 5
Suppose 0 = -3*x - 4*f + 84, 7*f + 108 = 3*x + 3*f. What are the prime factors of x?
2
Let b be ((-10)/15)/(1/(-3)). Let g be 16/56 - b/7. Suppose 3*l + 0 - 6 = g. What are the prime factors of l?
2
Let q(x) = -3 + 3*x + 3*x**2 - 12*x + 2*x - 4*x**2. Let s be q(-6). Suppose s*v = y - 7 - 5, y = v + 10. List the prime factors of y.
3
Suppose 0 = -2*y + 22 + 62. List the prime factors of y.
2, 3, 7
What are the prime factors of (-137)/(-9) + (-6)/27?
3, 5
Suppose -o + 2*g + 1 = 0, 4*g - g - 3 = 0. Suppose -o*f - 2*f = -15. Suppose -f*y + 1 + 14 = 0. What are the prime factors of y?
5
Let v be 1*14 - (6 + -6). Let x = 30 - v. What are the prime factors of x?
2
Let d(i) be the second derivative of i**3/6 - 3*i**2/2 - 2*i. Let o be d(3). Suppose -5*w + 2*w + 12 = o. List the prime factors of w.
2
Suppose -f = 4*f. Suppose -2*c = -f - 6. Suppose 4*p = c*u + 2*u - 10, -p = -3*u + 13. List the prime factors of u.
2, 3
Let r be (13/(-2) - 2)*-6. Let x be r*(0 - 2/(-6)). Let f = -9 + x. List the prime factors of f.
2
Let l = 0 - -9. Suppose -l - 6 = -3*z. List the prime factors of z.
5
Suppose -2*k + 23 = -13. Let n = -8 + k. What are the prime factors of n?
2, 5
Suppose 10 = a + 3. Suppose 0 = q + 3*y - 20, -q + 3*y = a + 3. Suppose 0 = 4*n - 0*p - p - 35, q*n - 43 = p. List the prime factors of n.
2
Suppose 2*t + 33 = 3*s, -3*t - t + 12 = 0. Suppose -5*k = -2 - s. Suppose -k*q = -10 - 29. What are the prime factors of q?
13
What are the prime factors of (5 - 4)/(3/381)?
127
Suppose -58 = -4*a - 2*w, 3*a + 3*w = 8*w + 24. Let c = a + -5. Suppose -r = r - c. What are the prime factors of r?
2
Suppose 3*z = y - 187 + 31, -2*z - 4 = 0. List the prime factors of y.
2, 3, 5
Let l(s) = s**2 - 6*s - 2. What are the prime factors of l(11)?
53
Let f(l) = 4*l**3 - 6*l. Let w(c) = -c**3 + c**2 - 1. Let a(i) = f(i) + 3*w(i). Let r be a(-4). List the prime factors of 2*3 - (r + -5).
2, 3
Suppose 8 = 2*t + 4*u, 0*u = 5*t - 2*u - 8. Let z be (-1 + 2 + 0)*t. Suppose -3*h - 29 - 1 = -2*o, 5*o - 53 = z*h. What are the prime factors of o?
3
Suppose 30*z + 72 = 31*z. List the prime factors of z.
2, 3
Let l = -393 - -630. List the prime factors of l.
3, 79
Let c(z) be the third derivative of z**4/6 - z**3/6 + 3*z**2. List the prime factors of c(3).
11
List the prime factors of (-94)/(3 + -2 + -2).
2, 47
Suppose 41 = -2*p - 2*p + j, 0 = 3*p + 4*j + 26. Let k be ((-8)/10)/(4/p). Suppose -k*f - z = -10, -z = -f + z - 5. What are the prime factors of f?
3
Suppose s = -5*o + 22, -s - 2*o + o + 2 = 0. What are the prime factors of ((-16)/12)/(s/36)?
2
Let r = 36 - 26. Suppose 5*j - 3*q = r, -2*j - 3*q + 0 - 17 = 0. List the prime factors of (-174)/(-9) + j/3.
19
Let h(s) = 9*s**2 + 7. List the prime factors of h(-6).
331
Suppose 35 = -2*m + 7*m. Suppose 15 = 3*k - 2*f, -21 = -m*k + 2*k + 2*f. Suppose 8 = k*z - 0*z - 2*u, 0 = 2*z - 3*u - 7. What are the prime factors of z?
2
List the prime factors of 2/(-10) - 93/(-15).
2, 3
Suppose 6*s - 207 = 297. What are the prime factors of s?
2, 3, 7
What are the prime factors of (-1 + 3)*2 + 19?
23
Suppose -2*l + 3*f + 1 + 4 = 0, 0 = 5*l + 4*f - 1. Let k = l - -1. List the prime factors of k.
2
List the prime factors of (485/10 + 3)/((-1)/(-2)).
103
Let m be 2 + (-1)/((-1)/6). Suppose 2*p - 3*x + m*x + 7 = 0, -x + 9 = 3*p. Suppose p*q + 60 = 4*b, -b + 13 - 3 = 4*q. What are the prime factors of b?
2, 7
Suppose 0*b - 12 = -5*b + d, 12 = 2*b - 4*d. Suppose -3*z - b*z = 5. Let t = 7 - z. What are the prime factors of t?
2
Let b = 7 + -2. Suppose 7 = s + 4*h - 0, -s + 52 = -b*h. List the prime factors of s.
3
Let h = 20 + -9. Let v = -23 + h. Let j = v + 28. List the prime factors of j.
2
Suppose l + 2 - 3 = 0. Suppose 0 = a - l - 2. What are the prime factors of a?
3
Let w = 105 - 19. What are the prime factors of w?
2, 43
Suppose -6*q + 30 = -q. Suppose k = q*k - 15. What are the prime factors of k?
3
Let b = 0 - -5. Suppose -n = 3, b*n + 0 - 6 = -3*u. Suppose 0 = c - 0*c - u. List the prime factors of c.
7
Suppose -12 = -3*p - p. Suppose d = -3*y + 19, p*y + 2*d = 8 + 6. List the prime factors of y/(-1)*9/(-12).
2, 3
Let b(f) = 4*f**2 + 6*f + 25. What are the prime factors of b(-4)?
5, 13
List the prime factors of 4/2*(136 - 30).
2, 53
Let u = -49 - -194. What are the prime factors of u?
5, 29
Suppose -522 = -2*o - 4*z, -428 - 323 = -3*o + 2*z. List the prime factors of o.
11, 23
Let h(w) = w**3 - w. Let n be h(1). Suppose 4*g = -n*g + 4, -123 = -4*b - 3*g. List the prime factors of b.
2, 3, 5
Let g be 259/9 + 2/9. Suppose -g = 2*r - 3*r. Suppose 2*c = -3*c + 4*t + 31, -4*c = t - r. List the prime factors of c.
7
Suppose -4*v + 2*q + 28 = 0, -2*v - q + 12 = -10. Let a = v + 8. Suppose -a = -f - 4*k, -2*f - 2*k + 19 = -3. List the prime factors of f.
3
Let y(u) = u**3 - u**2 + 6. Let c(n) = n**3 + 5*n**2 + 4*n. Let v be c(-4). Let q be y(v). Let g(m) = 3*m - 6. What are the prime factors of g(q)?
2, 3
Let g be 1/(-4) - (-2)/8. What are the prime factors of g/(-2) + (11 - 4)?
7
Suppose 4*a - 2*a - 101 = o, 3*a - o - 150 = 0. What are the prime factors of a?
7
Suppose 2*d - 112 = 46. List the prime factors of d.
79
Suppose -6*b - 266 + 1280 = 0. List the prime factors of b.
13
Suppose 2*v = -4 + 12. Suppose 0 = -4*l + d + 29, 2*l + v*d + 5 = -3. List the prime factors of l.
2, 3
Suppose 0 = 2*h + 5*r - 8, -5*h + 5*r = -0*r - 20. Suppose -h = -n - 0, -2*a + 4*n + 70 = 0. What are the prime factors of a?
43
Let y(b) = -b**3 - b**2 + b + 2. Let d be y(0). Let o(z) = -5 + d*z - 2 + 2. What are the prime factors of o(6)?
7
Let v = -50 - -151. Let g = 151 - v. List the prime factors of g.
2, 5
Let i = -1 + 18. Let q = -6 + i. Let u = 21 - q. List the prime factors of u.
2, 5
Suppose -w = 8*w - 63. List the prime factors of w.
7
List the prime factors of 294/8 - (-4)/16.
37
Suppose 5*i + 144 = i. Let r = -8 - i. List the prime factors of r.
2, 7
Let y(j) = 9*j - 1. Let z be y(1). Suppose 0 = -0*v - 4*v + z. Suppose -2*t = -3*a + 23, -v*t = -2*a - 5*t + 37. What are the prime factors of a?
11
Suppose 0 = -a + 69 - 0. Let f = -48 + a. List the prime factors of f.
3, 7
Let z = 7 - 12. Let u(x) = -5*x - 6. List the prime factors of u(z).
19
Let q(l) = -l**2 + 7*l + 6. Let p be q(7). Suppose v + 106 = 3*j + p*v, -2*v = -2*j + 60. Let w = j + -22. What are the prime factors of w?
2, 5
Suppose -2*s = 4*b - 298, b + b - 2*s - 146 = 0. What are the prime factors of b?
2, 37
Let p(c) = 3*c - 6. Suppose 0*q - 16 = -4*q. List the prime factors of p(q).
2, 3
Suppose -100 = 9*v - 13*v. List the prime factors of v.
5
Suppose -q + a + 1 = 0, 3*q - 2*a - 4 = 1. Suppose n - 20 = -q*n. What are the prime factors of n?
5
Let i be 0 - (-1 - (-2)/2). Suppose -2*r + 8 = -i*r. Suppose 2*b - o = -r*o + 24, 4*o - 4 = 2*b. What are the prime factors of b?
2, 3
Suppose -2*m + 4 = -0*m. Let p(t) = 2*t**2 - 4*t + 2. What are the prime factors of p(m)?
2
What are the prime factors of ((-10)/(-8))/(5/100)?
5
Suppose 5*j - y = 138, -2*y + 12 - 64 = -2*j. List the prime factors of j.
2, 7
Suppose -2*h = 3*h - 5. Let l be h/(0 + 3/9). Suppose q = 5*u - 14, l*q + 0*u = 5*u - 2. List the prime factors of q.
2, 3
Let h = 49 + 139. List the prime factors of h.
2, 47
Let f(c) = c**3 - 2*c**2 - 6*c + 6. What are the prime factors of f(4)?
2, 7
Suppose 0 = -10*l + 8*l + 24. List the prime factors of l.
2, 3
Let d be (-14)/1*(-108)/42. What are the prime factors of ((-10)/8)/((-9)/d)?
5
Let w(m) be the third derivative of m**4/24 - m**3/6 + m**2. Let r(h) = 7*h - 6. Let c(l) = 3*r(l) - 15*w(l). What are the prime factors of c(2)?
3
Let u = -47 + 337. What are the prime factors of u?
2, 5, 29
Suppose 5*j = -4*w - 2 + 26, 0 = j. Let k(s) = s**2 - 7*s - 2. Let v be k(w). Let z(l) = -l**3 - 9*l**2 - 7*l + 10. List the prime factors of z(v).
2
Suppose n + 2*l = 2*n - 72, 3*n + 4*